 + -3. Suppose -3 + d = w. Calculate n(w).
-5
Let i(o) be the second derivative of -1/240*o**6 + 0*o**2 + 0 + 0*o**3 + 1/12*o**4 + 1/60*o**5 + 2*o. Let u(r) be the third derivative of i(r). What is u(-2)?
8
Let i(n) be the second derivative of n**4/2 - n**3/6 + 9*n. Determine i(1).
5
Let p be 2/8 - 280/(-32). Let t(i) = -i**2 + 8*i + 8. Let d be t(p). Let s(r) = -5*r**3 - r**2 - r. Calculate s(d).
5
Let a(x) = x. Suppose -2*b = 2*b - 28. Suppose 0 = 4*q - 2*v - 26, 2*q + 2*v - 3 = b. Give a(q).
6
Let u(c) = -3*c**3 - c**2 + c + 10. Let p(d) = -4*d**3 - d**2 + 2*d + 11. Let g(k) = 2*p(k) - 3*u(k). Give g(0).
-8
Let f(c) = 3*c - 1. Suppose 4*u = 2*l + 2, 5*l - 19 = 3*u - u. Suppose 4*d = -d + l. What is f(d)?
2
Suppose 3*d - 6*d = 0, 4*x + d - 20 = 0. Let j(m) = -21*m + 3. Let c(a) = -11*a + 2. Let n(k) = x*c(k) - 3*j(k). Calculate n(-1).
-7
Let j(d) = d**2 - 2*d. Let t = -21 + 36. Suppose 0 = 2*v + x - 0 + 5, 2*v + 3*x = -t. Let m = 3 + v. Determine j(m).
3
Let l(z) = -z. Let n(k) = -9*k. Let j(a) = 6*l(a) - n(a). Determine j(-1).
-3
Let f be (-2 - 0)*20/(-8). Suppose -20 - 2 = -3*c - f*n, 3*c = -2*n + 7. Let p(a) = 2*a**3 + 2*a**3 - 2*a**2 + 3*a**2. Calculate p(c).
-3
Let z(k) = 0*k + k - 9 + 1 + 0. Give z(12).
4
Suppose 5*o - 8 = o. Suppose 0 = o*v - 1 - 11. Let y(m) = 4*m - 2*m - m. Give y(v).
6
Suppose 6*x - 3*x - 6 = 0. Let k(w) = x*w - 3*w - 7 - 3 + 0. Determine k(-6).
-4
Let y(b) be the third derivative of -1/120*b**6 - 1/24*b**4 - b**2 + 0 + 0*b - 1/15*b**5 - 1/2*b**3. Determine y(-4).
1
Let r(q) = -q**3 - 6*q**2 - 6*q + 3. Let f be r(-5). Let z be f/(-3)*(-6)/4. Suppose z + 4 = -2*g. Let x(b) = -b**3 - 4*b**2 + b + 5. Determine x(g).
1
Let f(z) = z + 2. Let k = -17 + 17. Calculate f(k).
2
Let g = 13 + -19. Let h(o) = 2*o**2 + 12*o + 4. Let t be h(g). Let a(p) = p**2 - 3*p + 3. Calculate a(t).
7
Let i be -2*2/((-12)/(-15)). Let z(l) = l**3 + 5*l**2 + 2*l + 6. Determine z(i).
-4
Suppose 18 = 5*x - 2*p, -2*p + 3 = p. Suppose -x*z + 10 + 2 = 0. Let w(k) = -2*k + 1. Give w(z).
-5
Let a(f) = -f**2 - 9*f + 2. Let u be a(-9). Let n(s) be the first derivative of -2 - 3*s + 1/2*s**u. Determine n(3).
0
Let d(k) = -k**3 - 3*k**2 - 3*k. Let t be d(-3). Suppose 2*s - 6 = 4*h, -3*h - t + 2 = -2*s. Let j(l) = s*l - 5*l**3 + l**3 + 2*l**2 - 4*l. Determine j(-1).
5
Let k(d) = 0*d**3 - 4*d**2 - 42*d + 1 - d**3 + 38*d. What is k(-3)?
4
Suppose -5 = -5*t + 10. Let n be t*(1 - (-14)/(-6)). Let g(v) = -v**2 - 2*v + 5. Calculate g(n).
-3
Let r(u) = -5*u**2 - 14*u + 20. Let v(h) = -h**2 - 3*h + 4. Let l(o) = 2*r(o) - 11*v(o). Calculate l(-5).
-4
Let v(l) = 0 - 3*l**2 + 6*l**2 + 2 - 1 + l**3. Give v(-4).
-15
Suppose -4*x = -4*k - 160, 2*k - 45 = -4*x + 121. Suppose -5*o + x = 11. Let n(h) = h**3 - 6*h**2 + 2*h - 1. What is n(o)?
11
Let i(p) = -12*p**3 - 4*p - 1. Let u(g) = 49*g**3 - g**2 + 17*g + 4. Let q(s) = -9*i(s) - 2*u(s). Determine q(-1).
-9
Let s(c) = c**2 - 1. Let d(v) = 2*v**3 + 7*v**2 + 3*v - 4. Let p(g) = d(g) - 4*s(g). Let k = 4 - 6. What is p(k)?
-10
Let b(v) = -4*v - 1 - v**2 - v**2 - 4*v**2 + 5*v**2. Let h be 1 - -1 - 3 - 3. Calculate b(h).
-1
Let w(g) = g + 1. Let s be w(-5). Let n(q) = -q**3 - 5*q**2 - 6*q - 3. Calculate n(s).
5
Let i(y) be the first derivative of -5*y**3/6 + y + 3. Let x(o) be the first derivative of i(o). What is x(1)?
-5
Let y = -3 - 0. Let r(m) = -5*m - 3. Let o(x) be the second derivative of x**3 + 3*x**2/2 - 2*x. Let z(q) = 3*o(q) + 4*r(q). What is z(y)?
3
Let c(w) = 3*w**2 + 4 + 0*w - w**3 + 2*w - 3 + 0. Give c(3).
7
Let j(d) = -5*d - 3. Let f(k) = -2*k**2 - 20*k - 15. Let m be f(-9). Determine j(m).
-18
Let j be (-1)/(1 - -3*(-3)/18). Let t(m) = 5 + 2*m + m - 4. Determine t(j).
-5
Let v(c) = -c**2 + 3*c + 9. Let d be v(5). Let j be 2/(-6) + (-8)/3. Let h = d - j. Let g(p) = -4*p - 1. What is g(h)?
-9
Let i(j) = 11*j**2 - 4*j + 6. Let a(p) = -12*p**2 + 4*p - 5. Let v(k) = 2*a(k) + 3*i(k). Let q(f) = -f**2 + f - 1. Let s(m) = 6*q(m) + v(m). What is s(-2)?
10
Let i(r) be the first derivative of -9*r**2/2 - r + 3. Determine i(-2).
17
Let d(u) be the third derivative of u**2 + 0*u + 0 + 1/24*u**4 - 1/60*u**5 + u**3. Suppose -x = 2*g, 2*g = -3*g - 3*x. Determine d(g).
6
Let l(n) = n - 12. Let f(b) = -1. Let o(x) = -5*f(x) + l(x). Give o(7).
0
Let v = -15 - -10. Suppose -4 = -p - z, -4*p - z = -1 - 15. Let d(m) = 1 - 4 - p - 2*m. Calculate d(v).
3
Let k(c) = -c**2 - c + 1. Suppose 3*g - 4*g - 4*m = -18, 5*g = m + 6. Let u be (1 - 1) + (-6)/g. Determine k(u).
-5
Let r(j) be the third derivative of j**4/12 + j**3/6 + 7*j**2. Give r(5).
11
Let j(i) = i**2 - 6*i - 4. Let x be j(7). Suppose 5*z - 12 = x*h, 11 = -0*z + 4*z - h. Let d(y) = 0*y - z - 2*y + y**2 - y. Give d(5).
7
Let n be (-2)/11 + 144/66. Let l = 6 - n. Let y(h) = -h - 3. What is y(l)?
-7
Let z(h) = -2*h**3 + 17*h**2 + h + 9. Let w(x) = -x**3 + 8*x**2 + x + 5. Let o(j) = -7*w(j) + 3*z(j). Let y be o(6). Let l(t) = t - 5. What is l(y)?
-1
Let v(q) be the second derivative of 11/2*q**2 + 0 - 1/6*q**3 + 2*q. Determine v(0).
11
Let f(i) = 2*i + 11. Let m(b) = -2*b**2 - 3*b + 11. Let n be m(-4). Give f(n).
-7
Let d = -7 - -5. Let p = 6 + d. Let o(j) = -j**2. Let s(y) = -3*y**2 + 3*y - 3. Let u(r) = 2*o(r) - s(r). Calculate u(p).
7
Let u(k) = -k**2 + 4*k - 1. Let n(c) = 2*c - 12. Let o be n(8). What is u(o)?
-1
Let l(i) = -58*i**2 + 5*i - 1 + 45*i**2 - 4*i. Determine l(1).
-13
Let v(g) = -g**2 + 4*g + 4. Let n be v(5). Let c be (-1)/(-2)*(-8)/(-4). Let r be n*(c + 0 + 0). Let f(j) = 7*j**3 - j**2 + j + 1. What is f(r)?
-8
Let j = 8 + -6. Let h(k) be the third derivative of -k**5/60 + k**4/12 - k**3/2 - 3*k**2. Calculate h(j).
-3
Let z(t) be the first derivative of 1 - 4*t + 1/2*t**2. What is z(0)?
-4
Suppose -2*z = -4*z - 10. Let v(g) = g**2 - 11. Let b(w) = -w**2 - w + 10. Let a(s) = 6*b(s) + 5*v(s). Give a(z).
10
Suppose 2*w = 5*w - 105. Let k be w/(-21)*(-4 + 1). Let o(h) = -5*h**2 - 12*h - 5. Let n(x) = 6*x**2 + 13*x + 6. Let p(c) = 6*n(c) + 7*o(c). Give p(k).
-4
Let b(a) = -7*a**3 + 13*a**2 - 3*a + 13. Let n(f) = 3*f**3 - 6*f**2 + f - 6. Let h(t) = -2*b(t) - 5*n(t). What is h(4)?
8
Suppose 6 = g + 2*g. Let y = 9 - 6. Let q(j) = 7*j + 2 - 2*j + 0*j - y*j. Determine q(g).
6
Let y(x) = x**3 - 5*x**2 + 2*x. Suppose -3*p - 1 = -2*l - 2, 5*p - l - 11 = 0. Let s be 2 + p + -2 - -1. What is y(s)?
-8
Let t(b) be the third derivative of 0 + 0*b + 7/6*b**3 + 2*b**2 - 1/24*b**4. Suppose 3 + 12 = 5*a. Determine t(a).
4
Let g = 6 - 4. Suppose -4*n + 4 = -g*n. Let u(j) = j - 2. Let m be u(n). Let x(y) = -y**3 - y**2 + 6. Determine x(m).
6
Let a(o) be the first derivative of o**6/360 - o**4/12 - 2*o**3 - 4. Let y(i) be the third derivative of a(i). Determine y(2).
2
Suppose 7 = 2*t + 1. Let b = -7 - -4. Let q = b + t. Let f(z) = z**3 - z - 2. Calculate f(q).
-2
Let s be ((-8)/(-12))/(1/6). Suppose -3*z + 16 = s. Suppose -4*y + b + 6 = -3*y, z*b - 1 = -y. Let j(k) = k**2 - 4*k - 5. Give j(y).
0
Let h(j) = 6*j**2 + j. Let s be 2 + (-64)/36 + 33/(-27). What is h(s)?
5
Let h = 3 + -3. Let x(f) = -f. Let g(v) = v**3 - 2*v - 12. Let c(n) = g(n) - 3*x(n). Give c(h).
-12
Let m be ((-30)/(-3))/(-1 - 1). Let i(z) = z**2 + 7*z + 5. Give i(m).
-5
Let f(p) = -p + 1. Let m(h) = -12*h + 10. Let t(w) = -10*f(w) + m(w). Suppose 0 = -2*z + q + 6, z - q - 3 = -3*q. Suppose x + z = -2*x. What is t(x)?
2
Suppose -v - 9 = -4*v. Let w(m) = m**2 - 2*m - 3. What is w(v)?
0
Let n(s) = -3*s + 1. Let t(a) = a**2 + 16*a - 6. Let c(d) = 11*n(d) + 2*t(d). Calculate c(2).
5
Let m be ((-11)/(-2))/((-1)/(-2)). Let i = m + -10. Let v(r) = -4*r**2 - r + 1. Give v(i).
-4
Suppose -2*c = 4*c + 18. Let m(s) be the third derivative of -s**4/12 - 2*s**3/3 + 2*s**2. Give m(c).
2
Let v(p) = 3*p. Let f be (-1*6)/((-6)/4). Let t(o) = -3*o. Let j(g) = 5*g. Let m(s) = f*j(s) + 7*t(s). Let r(x) = 2*m(x) + v(x). Calculate r(-4).
-4
Let y be (-1)/(-2*1/2). Let f be y + (-4 - -2) - 3. Let q(u) be the third derivative of u**6/120 + u**5/20 - 5*u**4/24 - 5*u**3/6 + u**2. Give q(f).
-1
Suppose 12 = -5*v - 3*r, 2*v - 3*r + 4*r + 4 = 0. Let j(p) = p + 13. Give j(v).
13
Suppose v + 1 = 2*v. Let k be (1/(-2)*0)/2. Let i = k + v. Let p(a) = 5*a**2 + a. What is p(i)?
6
Let q(l) = -26*l + 28*l + 8 - 3. What is q(-5)?
-5
Let g(z) = -7*z - 37